q(n).
5
Let y(k) = -k**2 - k + 2. Suppose 0*i - 3 = i. Calculate y(i).
-4
Let w be 1/(-2) + (-1)/(-2). Suppose -10 = -w*u - 3*u + m, -2*u - 5*m = -35. Let t(c) = -c + 4. What is t(u)?
-1
Let s be -3 - ((-4 - -2) + 0). Let n(t) = -2*t**2 + t + 5. Let q(l) = -l**2 - 1. Let f(r) = -n(r) - 4*q(r). Calculate f(s).
6
Let d(x) = -1 - 16 - 4 + 5 + x. Let l be d(11). Let o(y) be the second derivative of y**3/3 + y**2/2 - y. Determine o(l).
-9
Let l be (-240)/(-28) + 8/(-14). Let n(i) = -i**2 + 8*i - 3. Determine n(l).
-3
Let n(h) = h + 7. Let j(k) = 44*k**3 + k - 1. Let z be j(1). Suppose 4*d - 12 + z = 0. Let q = -13 - d. Determine n(q).
2
Suppose 0*o - 4*o = 8, 4*f - 4*o = 48. Let g(y) = f*y - y**2 - 2*y - 3*y + 2 + y. Determine g(6).
2
Let g(w) be the third derivative of -w**9/60480 - w**8/10080 + w**7/1260 - w**5/20 - 2*w**2. Let y(k) be the third derivative of g(k). Determine y(-3).
-3
Let j(f) = f**2 - 6*f - 1. Let i(y) = 5*y - 1. Let u be i(-1). Let z = -1 - u. Determine j(z).
-6
Let v = 43 - 41. Let y(b) be the third derivative of 4*b**v - 1/2*b**3 + 0 + 1/24*b**4 + 0*b. Determine y(5).
2
Let a(d) be the third derivative of d**6/120 - d**5/6 + 13*d**4/24 - 5*d**3/3 - 2*d**2 - 4*d. Give a(8).
-34
Let x be (2 - 2)/(0 + (-3)/1). Let g(t) be the second derivative of -t**4/12 + t**3/6 - 3*t**2 - t. Give g(x).
-6
Let o = -1 - 0. Let t(z) be the first derivative of -z**6/90 - z**5/120 - z**4/24 + 7*z**3/3 + 4. Let c(m) be the third derivative of t(m). What is c(o)?
-4
Suppose 4*l + u - 2*u + 9 = 0, l = 2*u + 3. Let w(r) = 2*r - 4. What is w(l)?
-10
Let w(c) = 10*c - 3. Let o(d) = 21*d - 7. Suppose 47 = -3*u + q, 2*u - 5*q + 47 = -6. Let x(s) = u*w(s) + 6*o(s). Determine x(-1).
14
Let z be 6/1*1/3. Let l(q) = -q**z + 4 - 4*q - q + 6*q. What is l(0)?
4
Let j(y) = y + 9. Suppose 0 = -l + 3*r - 9, -4*l + 0*r - 25 = -r. Determine j(l).
3
Suppose 0*n - 2*n = 0. Let i = n + 1. Let z(c) = -c - 3 + 4 + 4 - 4. Determine z(i).
0
Let m = 3 + -9. Let c be (-1 - 3/(-2))*m. Let o(y) = 3*y + 3*y**2 + 2*y**2 - 4*y**2. What is o(c)?
0
Let n(o) = 4*o**2 - 7*o + 5. Let s(l) = -5*l**2 + 6*l - 6. Let f(u) = -4*n(u) - 3*s(u). Determine f(8).
14
Let o = -1 + 1. Suppose 40 = -3*d - 2*d. Let f(j) = 3*j**2 + 7*j + 19. Let y(u) = -5*u**2 - 11*u - 29. Let s(i) = d*f(i) - 5*y(i). Give s(o).
-7
Let q(j) = 1. Let x(r) = r**2 + 7*r - 3. Let k(o) = -4*q(o) - x(o). Suppose -6*w + 11*w + 30 = 0. Calculate k(w).
5
Let t(d) be the second derivative of -d**2 + 0 + 2*d + 1/6*d**3. Give t(0).
-2
Let n(d) = 3*d**2 + 7*d + 10. Let c(a) = -13*a**2 - 27*a - 41. Let o(b) = -2*c(b) - 9*n(b). Give o(-7).
6
Let h(t) = t**3 + 5*t**2 - 6*t + 6. Let b be h(-6). Let c(l) = 2*l - b + 3*l - 3*l. Determine c(6).
6
Let c(p) = -2*p + 4. Let b be -11 + (-10)/5*-3. Calculate c(b).
14
Let u(d) = -3*d**2 - 3 + 8 + d**3 - 2 - 2*d. What is u(4)?
11
Suppose 5 = -2*b - 3*p, -2*p - 30 = -b + 3*p. Let i(r) = -4*r + 2 + r**2 + b*r - 2*r**2. Calculate i(3).
-4
Let f(o) = o**3 + 3*o**2 + 2*o. Suppose 9*r = 4*r. Let t(a) = a - 3. Let p be t(r). Let z = -5 - p. Calculate f(z).
0
Let o be (-108)/20 - (-6)/15. Let z(n) = -n**3 - 5*n**2 + n + 1. Let p be z(o). Let k(d) = d**3 + 3*d**2 - 5*d - 4. Calculate k(p).
0
Suppose 7 = 5*i - 48. Let p = 9 - i. Let s(z) be the second derivative of -z**5/20 - z**4/3 - z**3/3 + z**2/2 + 4*z. Calculate s(p).
-3
Let p(j) = -j - 1. Let l(r) = 2*r + 10. Let h(d) = -l(d) - 6*p(d). Let m(b) = 11*b - 11. Let w(n) = 8*h(n) - 3*m(n). Calculate w(-5).
6
Let a(p) = p**3 - 3*p**2 + p + 4. Suppose 23 = 4*y + 7. Suppose -y*k = -3*k. Suppose k = -i + 5*i - 12. Calculate a(i).
7
Suppose 179 - 41 = -2*o. Let h be 4/(-14) + o/(-21). Let d = h - 5. Let u(i) = -i**2 - 4*i - 3. What is u(d)?
1
Let t = 4 + -6. Suppose 0 = -3*n + 2*o + o + 24, 0 = n - 5*o - 4. Let m(j) = -n*j - 3 - 10*j + 16*j. What is m(t)?
3
Let g(c) = -c**3 - 3. Let m(l) = l**3 + 4*l**2 - l - 4. Let d be 1 + 1/1*-5. Let r be m(d). Give g(r).
-3
Let d(b) be the second derivative of -1/2*b**3 + 0 + 0*b**2 + 3*b - 1/12*b**4. Calculate d(-5).
-10
Let y be -8 + (1 + -3 - -4). Let x = 7 + y. Let c(f) = -f. What is c(x)?
-1
Suppose 4*c + 28 - 4 = 0. Let b(o) = -o - 6. Calculate b(c).
0
Let i = 1 - -1. Suppose i*d = -d. Let t(c) = -c**2 - c + 6. What is t(d)?
6
Let j be (3 - (1 + 1))*2. Let a(x) = 1 + 2*x + 8 - 3*x - j. Calculate a(0).
7
Suppose 4*h - 1 = 7. Let a(p) = -5 - 1 + 1 - h*p. Calculate a(-5).
5
Let i(t) = 24*t + 6. Let o(b) = b + 1. Let f(j) = i(j) - 6*o(j). Calculate f(-1).
-18
Let z(t) = -12 - 17 + t + 30. Calculate z(-1).
0
Let g(m) = -3*m - 10. Suppose -9 - 3 = 4*i, 5*k + 44 = -3*i. Determine g(k).
11
Let t(a) = -2*a**2 + a**2 - 2 + 5 + 5*a. Give t(4).
7
Let v be (-495)/110*(1 + (-1)/3). Let c be 1*4/2*1. Let p(u) = 2*u**3 - 8*u**2 - 8*u. Let m(s) = s**3 - 7*s**2 - 7*s - 1. Let a(f) = c*p(f) - 3*m(f). Give a(v).
6
Let c(v) be the first derivative of -v**5/20 + v**4/12 + v**3/3 + 2*v**2 + 3*v + 1. Let i(l) be the first derivative of c(l). What is i(3)?
-8
Let w(y) = -2*y**2 - 4*y + 2. Suppose -12*h + 11*h = 4. What is w(h)?
-14
Let g(z) = 11*z - 6673 - z**2 - 3*z + 6681. Calculate g(10).
-12
Let c(t) = 5*t + 12. Let h(z) = -z - 3. Let m(g) = 2*c(g) + 9*h(g). Let n(s) = 3*s - 7. Suppose -5*l = -17 + 7. Let d(v) = l*n(v) - 5*m(v). Give d(0).
1
Let k(l) = l**2 - 4. Let n be k(3). Let z(q) = q**2 - 3*q - 6. Calculate z(n).
4
Let y be (-3*1)/((-18)/48). Suppose -4*m + 8*m = -y. Let i(q) = 2*q**2 + 2*q - 2. Give i(m).
2
Let w = -9 + 26. Let p = w - 14. Let o(x) = -2 - x + x**3 + 0*x + 2*x**2 - 5*x**2. Give o(p).
-5
Let g(t) = t**2 + t + 1. Suppose -7 - 8 = -5*f. Suppose f*m + 0 = -3. Let q be (m + 1)*(-4 - -5). Give g(q).
1
Suppose o - 16 + 7 = 2*b, 0 = -2*b - 6. Suppose 14 = -5*x + 34. Suppose -2*p + 2 = 0, -7 = x*s + o*p - 6*p. Let q(h) = 6*h**3. Calculate q(s).
-6
Let g = -4 + 0. Let t(q) = q + 3. Let f be t(-1). Let k(x) = 2 - x - 4*x - 7*x**2 + 6*x**f. Give k(g).
6
Let m(j) = -1 + 5*j + 3*j - 2*j. Let p = 6 + -5. Give m(p).
5
Let d(b) = -b + 4. Suppose 32 = 14*q - 6*q. What is d(q)?
0
Let h(r) = r**2 - 3*r + 4. Let y = 19 - 22. What is h(y)?
22
Suppose -55*j + 51*j = 12. Let i(u) = -u**2 - 2*u. What is i(j)?
-3
Suppose -3*i - 35 = -4*u + 3*u, 5*u + 4*i = 80. Let d be 1/4 + 15/u. Let m(v) = -4 + v - d + v. Give m(4).
3
Let q(c) = -3*c - 5. Let y(v) = -1. Let d(r) = q(r) - 5*y(r). Suppose -3*x + 6*x - 3 = 0. Determine d(x).
-3
Let s(x) = 6*x + 5. Let z(i) = -i. Let g(b) = -s(b) - 5*z(b). Determine g(-4).
-1
Let p(q) be the first derivative of -1/2*q**2 + 4*q - 3. Give p(0).
4
Suppose 4 = i - 3*h, -2*h = -0*h. Let s be (-1)/(-4)*i*2. Let k(f) = -3*f**2 + f. Calculate k(s).
-10
Let y(r) = -r**2 + 2*r + 5. Suppose -4 = 4*d - 5*d. Give y(d).
-3
Let g = 3 + -2. Let l(i) = 6*i + 5*i**3 - 5*i + g - 1. Suppose 5*f + 2 = p, -f = 3*f + 2*p + 10. What is l(f)?
-6
Let s(u) = u**3 - 3*u**2 - 3*u + 3. Suppose -1 - 2 = -z + 2*o, 2*o + 6 = 2*z. Determine s(z).
-6
Let l(d) = -d**3 + 6*d**2 - 10*d. Let y(b) = b**3 - 5*b**2 + 11*b. Let p(m) = 4*l(m) + 3*y(m). Calculate p(8).
8
Suppose -6*x = -11*x - 25. Let t(n) be the third derivative of -n**6/120 - n**5/12 + n**4/24 - n**3/3 + n**2. What is t(x)?
-7
Let c(r) be the second derivative of -r**5/20 - r**4/12 - r**3/3 + 3*r**2/2 - 2*r + 2. Give c(2).
-13
Suppose 2*o + 9 = 3*x, -o - 2*x + 22 = 3*o. Suppose -o*u + 4*u + 12 = 5*w, 2 = 2*w + u. Let z(m) = -4*m. Give z(w).
-8
Let g(o) = 3*o - 2. Let c be g(2). Let x = 8 - 5. Let r(q) = q + x + q**2 - 5 + 0*q - 5*q. Calculate r(c).
-2
Let b(f) = 2*f**2 - 3*f - 2. Let s(y) = y**2 - y - 1. Let k be -1*(-7)/2*-2. Let x(i) = k*s(i) + 4*b(i). Calculate x(6).
5
Let b(m) = -m - 3. Let j(f) = 2*f**2 + 20*f + 14. Let q be j(-9). What is b(q)?
1
Let k = 25 + -22. Let v(a) = 2 - a - 1 - 37*a**2 + 39*a**2 + a**k. Give v(-2).
3
Suppose -3*h + 7*h - 27 = -w, 43 = 4*w + 3*h. Let j(z) = -z**2 + 8*z - 4. Give j(w).
3
Let v(i) = 5*i - 4. Let b(r) = -4*r + 3. Let h(y) = -6*b(y) - 5*v(y). Calculate h(-2).
4
Let p be 4/10 + 64/(-10). Let d = p - -10. Let i(h) = -3*h**2 - 8*h - 8. Let r(z) = -2*z**2 - 7*z - 7. Let f(x) = 3*i(x) - 4*r(x). Give f(d).
4
Let l be (1 - -1) + (-3 - -3). Let d(v) be the third derivative of 0 - 1/24*v**4 + 1/6*v**3 + 0*v - 2*v**2. What is d(l)?
-1
Suppose 4*